*z + 5*o, -18 = -4*z + 5*o. Let q(l) = 2*l**2 + 2*l + 14. Let a(p) = -3*p**2 - 5*p - 25. Let b(s) = z*q(s) + 4*a(s). Determine b(5).
18
Let x(f) = -4*f**2 - 22 + 36 - 18 - 21*f. Let c be x(-5). Let b(j) = 0*j**2 + j**2 - 3*j + c + j + 3*j. What is b(-3)?
7
Let s(n) = n**2 + 13*n - 10. Let v(w) = 16*w + 24 + 27 - 82*w + w**2 - 7*w**2. Let b(r) = 11*s(r) + 2*v(r). Give b(11).
-8
Let b(j) = -24*j + 16. Let h be b(-1). Suppose 23*x - 19*x = -h. Let d(w) = w + 8. Determine d(x).
-2
Let k(y) = 10*y**2 + 4*y - 12. Suppose -z + 4*m + 27 = 0, 0 = -2*z + 6*z + 5*m + 18. Give k(z).
90
Let n(a) = a**3 + 24*a**2 - a - 51. Let h(v) = v**3 + 12*v**2 - 369*v - 154. Let x be h(-26). Calculate n(x).
-27
Let c = -3698 - -3701. Let n(l) = -l**3 - l**2 + l + 1. Determine n(c).
-32
Let t(c) = c**3 + 3 + 464*c**2 - 463*c**2 + 15*c - 12*c. Calculate t(0).
3
Let h(g) = -2*g**2 - 18*g - 4. Let i(n) = -18*n**2 + 26*n + 13. Let f be i(2). Give h(f).
24
Let c(g) = 8*g + 10. Let d(u) = -u - 1. Let m be 2/(4/120*-3). Let r = -9 + 7. Let b(n) = m*d(n) + r*c(n). Determine b(1).
4
Let f(b) = 2*b - 25. Let r = -268 + 472. Let n = -192 + r. Calculate f(n).
-1
Let i(j) = 18*j + 3. Let h be (-85)/10*(-3 + 1 - 0). Suppose 1 - h = 8*b. Determine i(b).
-33
Suppose -2*d - 5*f = -7*d + 10, 0 = -3*d - 2*f + 31. Let k = -139 + 388. Let u(p) = 11 - 83*p - 83*p + k*p - 84*p. Calculate u(d).
4
Let o(f) = -13*f - 12. Let v(q) = -12*q - 11. Let w(y) = -5*o(y) + 4*v(y). Let r be w(-1). Let p(d) = -3*d**2 - 2*d - 1. Calculate p(r).
-2
Let b(m) = 8*m - 60. Suppose 2*v - 25*c - 16 = -22*c, 0 = v + c - 8. Calculate b(v).
4
Let t(m) = -6*m + 6. Let g(n) = -n**2 + 27*n - 24. Let c(z) = -g(z) - 4*t(z). Calculate c(2).
-2
Suppose 0 = -3*w + 9*w - 24. Suppose -j - 2*u = 7, 4*j - 13 = w*u + 7. Let y be j/(-2)*(6 + -2). Let h(v) = -v**3 - 3*v**2 - 2*v + 2. What is h(y)?
2
Suppose 5*o = -0*s + s + 18, 5*o = 2*s + 26. Let f(i) be the first derivative of 1/2*i**2 - 70 + 4*i. What is f(s)?
-4
Let r(n) = 7*n**2 + 0 - 2 - 2*n + 3. Suppose 0 = 5*i - s - 119, -4*i - s + 29 = -59. Suppose i*u = 16*u + 7. Calculate r(u).
6
Let j = -2144 + 2175. Let f(t) = t**3 - 30*t**2 - 30*t - 32. What is f(j)?
-1
Suppose 5*q - 41 = 9. Let n(p) = -p - q*p + 10 - 9. Let l(j) = -j**2 + 18*j + 87. Let d be l(-4). Calculate n(d).
12
Let b be 385 - (2 - 1)/((-4)/16). Let v = -396 + b. Let o(m) = m - 1. What is o(v)?
-8
Let v = -18 + 12. Let b = v - -5. Let l(n) be the third derivative of n**5/15 - n**3/6 - 14*n**2 + 3*n - 2. What is l(b)?
3
Let i(q) = -q**3 - 19*q**2 - 36*q - 44. Let o = -299 + 282. What is i(o)?
-10
Let a be ((-6)/(-5))/((-1)/(-7 + (-123)/(-9))). Let r(n) = 10*n + 79. Determine r(a).
-1
Let p be -5 - (3/(-8) + (-6660)/1184). Let c(i) = 84*i**2 - 3*i + 1. Determine c(p).
82
Let o(z) be the first derivative of z**2 + 11*z + 301. Let i(n) = -n + 4. Let s be i(9). Let p be (-1 - 4)*(-8)/s. Calculate o(p).
-5
Let l(o) = -8*o - 14. Let r(s) = -4*s - 9. Let a(i) = 3*l(i) - 5*r(i). Let p = -15 + 17. Give a(p).
-5
Let f(d) be the first derivative of -7*d**2/2 + 132*d + 11403. Calculate f(23).
-29
Let g(q) = -44*q**3 + 98*q**2 + 8*q + 15. Let d(p) = -25*p**3 + 57*p**2 + 4*p + 8. Let w(u) = 7*d(u) - 4*g(u). Give w(-6).
56
Let t(z) be the second derivative of z**3/6 - 9*z**2/2 + 8*z. Let r be (-8 + 15 + -1)*(-3)/2. Let b be 3 + r/4 + 105/20. What is t(b)?
-3
Suppose 36*i + 95*i + 1048 = 0. Let n(m) = 49*m + 386. What is n(i)?
-6
Let l(s) = 47*s + 1196. Let m(o) = 63*o + 1595. Let j(n) = 11*l(n) - 8*m(n). What is j(-30)?
6
Let h(u) = -13*u + 44. Let i be h(3). Let o(t) = 10 - 5 + i*t + 1. What is o(-4)?
-14
Let f = -14 + 12. Let n(l) be the first derivative of 19 + 0*l**3 + 2*l + 1/2*l**2 + 1/2*l**4. Determine n(f).
-16
Suppose -1868 = -19*f - 10437. Let y = 445 + f. Let h(k) = -2*k - 10. Let c(r) = -2*r - 11. Let g(n) = 4*c(n) - 5*h(n). What is g(y)?
-6
Let m(u) = u**2 - 20 + 231*u - 12 - 230*u - 44. What is m(0)?
-76
Let f(g) = 5*g**2 + 7*g. Let o(u) = u + 1. Suppose 0 = 3*c - 20 + 2. Let i be o(c). Let r(m) = 8*m**2 + 10*m. Let y(t) = i*f(t) - 5*r(t). Calculate y(1).
-6
Let c be 12 + (-23)/(230/200). Let t(h) = 5*h + 47. What is t(c)?
7
Let x(j) = -2*j**3 + 4*j**2 - 2*j - 2. Let w be -3 - 2*(-18)/12. Let z be (2/(-6) + w)/((-1)/6). Calculate x(z).
-6
Let p(x) be the first derivative of -5*x**3/3 + 7*x + 380. Determine p(-2).
-13
Let c(m) = -3*m**2 + 7*m - 5. Let o = 4623 + -4620. Let w(q) = 4 - 4 - 2*q**2 - 2 + 3*q. Let i(v) = o*c(v) - 5*w(v). Give i(-4).
-13
Let w(d) = 22*d**2 - 84*d**3 + 12*d + 85*d**3 - 624 + 7*d + 587. Calculate w(-21).
5
Let x(r) = -1802*r - 23436. Let a be x(-13). Let b(m) = 0 - m**3 - 12 - 3*m - 3*m**2 - 7*m**2. Determine b(a).
18
Suppose -2*l = -6, 10*a + l - 91 = 6*a. Let h(r) = r**3 - 21*r**2 - 19*r - 24. Give h(a).
42
Suppose 2*x + 25 + 55 = -3*k, -x + 65 = -2*k. Let t be (-1)/(-2)*0/(k/(-5)). Let w(d) = 0 + d + 12*d + t - 1. Calculate w(1).
12
Let s be 13972/60 - -4 - 4/(-30). Let a = -237 + s. Let o(z) = z**2 - z - 4. What is o(a)?
-4
Let x(g) be the first derivative of -g**4/4 - 4*g**3 - 35*g**2/2 - 9*g + 43. Calculate x(-6).
-15
Let n(p) = -p**3 - 7022 + 3*p**2 - p + 5*p + 2*p**3 + 7021. Give n(-3).
-13
Let v = 432 - 425. Suppose 0 = -q + y, v = 3*q + 3*y + y. Let f(l) = -14*l**2 - l + 1. Give f(q).
-14
Suppose -279*p - 119 - 588 = 967. Let o(u) = -2*u**2 - 14*u - 10. Give o(p).
2
Let k(f) = -50*f**2 + 19*f**2 + 13*f**2 + 16*f**2 - 5 + 5*f. Suppose -45*t = -35*t - 20. Calculate k(t).
-3
Suppose -3*t - 57 = -2*t - 3*k, t + 55 = k. Let q = t - -46. Let n = -2 - q. Let i(y) = y**3 - 5*y**2 - 8*y + 5. What is i(n)?
-7
Let o(l) = 8*l**2 - 14*l + 1. Let p(f) = -35*f**2 + 54*f - 7. Let m(d) = -9*o(d) - 2*p(d). What is m(13)?
-99
Let a = 101 + -100. Suppose 9*t = 17 + a. Let w(b) = -2 - 3*b + b**t - 5*b + 4*b + 5*b. Give w(-3).
4
Let z = 56 + -29. Suppose 79 + 2 = -z*n. Let m(p) = -2*p**2 - 5*p - 2. What is m(n)?
-5
Let d(h) = -78*h**2 - 89*h - 707. Let m(x) = 31*x**2 + 44*x + 353. Let t(q) = 2*d(q) + 5*m(q). Give t(-7).
8
Let b(x) = -11*x + 29*x + 3 - 4. Let c be 102/(-85) + (-42)/(-10). Suppose 62*h - 65*h - c = 0. Calculate b(h).
-19
Let h(m) be the first derivative of m**3/3 + 9*m**2/2 + 7*m + 618. Give h(-10).
17
Let s(g) be the third derivative of -g**5/15 - g**4/4 - 5*g**3/6 + 8*g**2 + 2*g. Let m(l) = -7*l**2 - 12*l - 11. Let j(w) = -3*m(w) + 5*s(w). Determine j(-7).
15
Suppose y - 23 = 4*h, 5*y = 1103 - 1088. Let x(c) = 17*c + 87. Determine x(h).
2
Suppose 4*j - 3*o - 13 = 0, -2*j - o - 10 = 3*o. Let n(i) = -i + 1 - 1 + 21*i**2 - j + 2*i - 12*i**2. Calculate n(-1).
7
Let s = -1071 - -1076. Suppose 5*f = -2*p + 7*p + 20, -s*f = 3*p - 20. Let j(m) be the third derivative of m**4/4 + m**3/6 + m**2. Determine j(f).
25
Let n(y) = -3*y + 7. Let i(c) = 4*c**2 + 13*c - 37. Let a be i(3). Suppose 7*t - a = -17. What is n(t)?
-2
Let z = 56 + -14. Let r = 74 - z. Let g(k) = -12*k + r*k + 1 - 16*k. What is g(4)?
17
Let r be ((-1640)/(-16) - -7)*(-10)/3. Let y = r + 357. Let i(n) = -3*n + 6*n - 4*n - 4. What is i(y)?
4
Let d(s) be the third derivative of 32*s**2 - 1/6*s**3 + 0 + 0*s + 5/24*s**4. Let r(t) = t**2 + 7*t + 5. Let k be r(-6). What is d(k)?
-6
Let w(v) be the first derivative of -v**3/3 - 17*v**2/2 - 55*v + 6756. Calculate w(-13).
-3
Let g(y) = 12*y - 28*y + 3 + 21*y + 11*y - 101. Give g(6).
-2
Let z(y) = -24*y - 2. Let u be (0 - (4 + -11)) + 6/(-2). Give z(u).
-98
Let i = 50 - 47. Let l(a) = 13 - 13 + 7*a - 1 + a**2 - 2*a**2. Give l(i).
11
Let a(o) = -6*o + 150. Let v be a(26). Let s(r) = -2*r**2 + 5*r - 9. Let m(i) = i**2 + 1. Let n(h) = 3*m(h) + s(h). Determine n(v).
0
Let c be ((-6)/30)/(13/(-130)). Let h(s) = -s**3 + 4*s**2. Give h(c).
8
Let f(w) = 2*w**2 - w. Suppose 32*b = -9226 + 1290. Let d be b/64 + 3 + (-2)/16. Determine f(d).
3
Suppose -14 = -2*l + 5*w - 10, 4*w = l - 2. Let y(z) = 3 - z + 5 + l - 21. What is y(-6)?
-5
Let m(g) be the second derivative of g**5/20 + g**4/12 - g**3/6 + 27*g**2/2 - 3549*g. Give m(0).
27
Let u(h) = -2*h**2 + 4*h + 6. Let b be u(-5). Suppose 3*i - 69 = m, i - 69 = -3*m + 4*m. Let z = m - b. Let t(o) = -o**3 - 3*o**2 + 8*o + 7. Calculate t(z).
17
Let f(h) = h**2 + 3. Suppose -4*u = -18 + 2. Suppose 0*n - u*l = -2*n - 2, 4*n - 23 = -l. Let q = n - 9. De